, 5, 7
Suppose 83 + 47 = 2*v. List the prime factors of v.
5, 13
Let t = 33 + -5. Suppose 3*w - 74 = t. What are the prime factors of w?
2, 17
Let y = 33 + -31. Suppose -24 + 120 = y*o. What are the prime factors of o?
2, 3
Suppose 3*i - 4*t - 385 = 4, i - 155 = -5*t. Suppose 0*o - 2*o = -l + 103, -4*l = -2*o - 388. Let s = i - l. What are the prime factors of s?
2, 5
Let r(l) = 95*l**2 + 2*l - 1. Let w be r(1). Let b = w - -40. What are the prime factors of b?
2, 17
Suppose -2*x - 3*s = 2*x - 43, 0 = 4*x - s - 23. Suppose -x*z + 288 + 377 = 0. What are the prime factors of z?
5, 19
Suppose 6*x + 105 = 7*x. Let u(v) = -v**3 - 22*v**2 - 4*v - 17. Let z be u(-23). List the prime factors of (-15)/x + z/14.
43
Let n be (-6)/((-50)/(-56) + -1). Let i = n - 10. What are the prime factors of i?
2, 23
Let t = -2033 - -3033. What are the prime factors of t?
2, 5
Suppose 0 = 3*u - 24. Suppose 41 = -s + u. Let o = s + 98. What are the prime factors of o?
5, 13
Let t(s) = -950*s - 13 + 949*s + 0. What are the prime factors of t(-21)?
2
Let p = 13474 - 9444. What are the prime factors of p?
2, 5, 13, 31
Suppose 5*x - 3 = -4*u + 8, 2*x = u - 6. Suppose u*r = -2*p + 358, 4*p - 4*r = -7*r + 711. Suppose d - 2*n = 39, d + p = 5*d - n. List the prime factors of d.
3, 5
Let o = 77 - 144. Let f = o + 217. List the prime factors of f.
2, 3, 5
Suppose 171*a = 186*a - 2460. What are the prime factors of a?
2, 41
Let m be (-1)/4*(1 - 21). Let z(t) = 3*t + 9. List the prime factors of z(m).
2, 3
Let q = 4 - 2. Suppose -5*r - 19 = -o, -2*o - 2*o = 5*r - 51. List the prime factors of o*q - 8/(-8).
29
Let u = -614 - -1574. List the prime factors of u.
2, 3, 5
Let s = -32 + 29. What are the prime factors of ((-5)/2)/((-1)/34) + s?
2, 41
What are the prime factors of 2/(-17) + 1221666/1258?
971
Suppose 5*a - 402 = 10*f - 13*f, 0 = -5*a + 3*f + 378. List the prime factors of a.
2, 3, 13
Suppose -c - 232 = -9*c. Suppose -c = -14*d + 13*d. What are the prime factors of d?
29
Let l = -7 + 9. Suppose -200 = -3*t + l*n + 298, -2*t = -3*n - 327. Suppose -t = -10*k + 6*k. List the prime factors of k.
2, 3, 7
Suppose -5*p - 2*y = -p - 30, 4*p - 28 = -4*y. List the prime factors of (p/20)/(2/420).
2, 3, 7
Suppose 7 = -b - 1. List the prime factors of ((-74)/b)/(6/24).
37
Let a(d) = -d**3 + 7*d**2 - 4*d + 1. Let c be a(6). Suppose 0 = l - c - 8. List the prime factors of 94/14 + 6/l.
7
Let x(j) = 2*j**2 - j - 4. Let q be x(-4). Suppose 0 = -q*y + 27*y + 405. List the prime factors of y.
3
Suppose -68 = n - 248. Suppose -4*y - 56 = -n. What are the prime factors of y?
31
Suppose -1 = z + 7. What are the prime factors of (212/(-6))/(z/12)?
53
Let d be (-5 - 5)/(1 + -3 + 0). Suppose -2*m = 3*u - 26 - d, -9 = 2*m - 5*u. What are the prime factors of m?
2
Suppose k - 3*k + 506 = -5*p, 4*k - 3*p = 1040. List the prime factors of k.
263
Let v(w) = -74*w**3 + 4*w**2 - 3*w + 1. Let d be v(1). Let y = 74 + d. List the prime factors of y.
2
Suppose -4*y + 12 - 4 = 0. Let g(t) = 31*t - 7. List the prime factors of g(y).
5, 11
Let h = 2 - -2. Suppose -s = 3 - h. List the prime factors of (10 + -31)/(0 - s).
3, 7
List the prime factors of 9858/53 - (1 - -3).
2, 7, 13
Suppose 4*i + 0*i = 0. Let j = 149 + -143. Suppose -9*u + j*u + 66 = i. List the prime factors of u.
2, 11
Suppose y + y + a = -2, 0 = 3*y + 2*a + 3. Let l(c) = -19*c - 2. List the prime factors of l(y).
17
Let m = 9793 + -4944. What are the prime factors of m?
13, 373
Let c(k) = 35*k - 64. List the prime factors of c(7).
181
Let z be (3 - -3)*(-40)/12. Let x = -20 - z. Suppose 5*o + 6 = 2*w, x = -2*w + o + 5 + 9. List the prime factors of w.
2
Suppose -5*m + 21 = -9. Let n = 1 - m. List the prime factors of (-52)/n - 4/10.
2, 5
Suppose 41 - 15 = 2*t. Let h = -13 + t. Suppose 3*u + 55 = 2*w, 0 = 2*w - h*w + 2*u - 70. What are the prime factors of w?
2
Let z = 3 + -7. What are the prime factors of ((-18)/(-27))/(z/(-42))?
7
Let z = -1014 - -2355. What are the prime factors of z?
3, 149
Suppose -4*w + 20 = -0. Suppose 0 = -2*r - w*c + 148, 2*c + 3 = -1. What are the prime factors of r?
79
Suppose -16 = -2*b + 14. Let m(p) = -6*p + 39. Let n(d) = -9*d + 58. Let r(c) = 7*m(c) - 5*n(c). What are the prime factors of r(b)?
2, 7
Suppose 0 = 4*z + 3*a - 106 - 185, -4*z = a - 289. What are the prime factors of z?
2, 3
Suppose -5*d - 3 = -3*f - 5, -2*f = 3*d + 14. Let z = d - -11. Suppose -p = 2*p - z. List the prime factors of p.
3
Let w = 71 - 68. Suppose -w*g = -0*g - 141. What are the prime factors of g?
47
Suppose -l - 71 = -5*o, -3*o + 54 = o + 2*l. Let k(w) = 9*w - 61. Let u be k(7). Suppose 4*n = 2*i + 68, 2*n + 6*i = u*i + o. List the prime factors of n.
3, 5
Let b = -811 + 1225. What are the prime factors of b/5 + -1 - (-3)/15?
2, 41
Suppose 2*y - 4*y + 2372 = 5*g, 5*y = -4*g + 1884. What are the prime factors of g?
2, 7, 17
List the prime factors of -11 + 6 + 1535 + -2.
2, 191
Let a(b) = 4*b**2 - 6*b - 60. What are the prime factors of a(12)?
2, 3, 37
Let a(f) = f**2 + 7*f - 23. Let g be a(-10). Suppose 2*t = -u + g, 0*t - t + u - 1 = 0. List the prime factors of t.
2
What are the prime factors of 12990/25 + (-8)/(-20)?
2, 5, 13
List the prime factors of (-98)/(-28) - (-6765)/6.
3, 13, 29
Let a = -994 - -1417. What are the prime factors of a?
3, 47
Let y(u) = -u**3 - 3*u**2 + 2*u - 3. Let w be y(-4). Let x = 35 + 19. Suppose x = 3*t - v - 2*v, w*t - 58 = -3*v. What are the prime factors of t?
2, 7
Let l be 3/(-2)*(-30)/9. Suppose -8*d = -l*d - 177. Let j = -29 + d. List the prime factors of j.
2, 3, 5
Let y be (-13)/(-39) - 1/3. Let n = -20 - 19. Let p = y - n. List the prime factors of p.
3, 13
Suppose 12*m - 5*m = 182. Suppose 0 = 5*a - 606 + m. What are the prime factors of a?
2, 29
Suppose 5*g = 3*w - 37, 2*w - 2*g - 18 = -0*w. Suppose 0 = -3*x + 12, u + x = 3*x - w. Suppose -u*d = -20 - 28. List the prime factors of d.
2, 3
Suppose -3 - 5 = -2*m. Suppose -f = -j, j + m*f = f. Let i(h) = -h**2 + 23. List the prime factors of i(j).
23
Suppose -g - 3*j + 6 = 0, 0 + 8 = g + 5*j. Suppose -g*s + 5 + 7 = 0. List the prime factors of s.
2
Let q(r) be the second derivative of -r**5/20 - 3*r**4/2 + 13*r**3/6 - 49*r**2/2 - r + 12. List the prime factors of q(-19).
5, 13
Suppose -3*l - h = 13, 5 = -4*h + 1. Let a = 10 + l. Let x(c) = 2*c + 8. What are the prime factors of x(a)?
2, 5
Let d be (-4)/(((-25)/(-90))/5). Suppose 0 = -5*y + n - 227, -190 = 2*y + 2*y - 5*n. Let j = y - d. What are the prime factors of j?
3
Let z(d) = -27*d**3 - d - 1. Let r(k) = -k**2 - 5*k + 3. Let x be r(-5). Suppose 0 = s + x - 2. What are the prime factors of z(s)?
3
Suppose 5*c + 15060 = 4*k, 190*c - 189*c - 7516 = -2*k. What are the prime factors of k?
2, 5, 47
Let o be (-5)/((-10)/3)*(97 - 1). Let j = o - 56. List the prime factors of j.
2, 11
List the prime factors of -3*(2 + (2 - 1) - 146).
3, 11, 13
Let s be (-3)/(3/(-167)) + 1. Suppose -44 = 2*b + s. List the prime factors of -2*b/(-16)*-4.
53
Suppose -3*d = -4*s - 13786, -4*d + 6839 + 11547 = -3*s. List the prime factors of d.
2, 11, 19
What are the prime factors of ((-10)/(-40) - (-68)/(-16)) + 3274?
2, 3, 5, 109
Let s be (11 - 14)/(2/(-364)*3). Let r = s + -154. List the prime factors of r.
2, 7
Let x(g) = g**2 - 4. Let h be 4 + (-2 - 0)/(-2). What are the prime factors of x(h)?
3, 7
Let w(m) = 6*m**2 - 1. Let k be w(1). Suppose f + 215 = 5*d - 113, -5*d + k*f + 320 = 0. What are the prime factors of d?
2, 3, 11
Let v = -17 + 21. Suppose 109 = 5*i - x + v*x, -42 = -2*i - 2*x. What are the prime factors of i?
23
Let q(o) = o**3 + 4*o**2 + 4. Let j(g) = g**3 - 5*g**2 + 4*g - 4. Let x be j(4). Let k be q(x). Suppose -k*n + 104 + 40 = 0. List the prime factors of n.
2, 3
Suppose -3*f = -0*f - 5*l + 46, 4*l = -16. Suppose -29*w + 212 = -33*w. Let s = f - w. List the prime factors of s.
31
Let v(q) = 1087*q**3 - 5*q**2 + 5*q - 1. List the prime factors of v(1).
2, 3, 181
Let s(o) = 44*o**2 - o + 48. List the prime factors of s(6).
2, 3, 271
Let d be 1 + 0 + (13 - 5). Suppose -d*i - 312 = -13*i. List the prime factors of i.
2, 3, 13
Let t(s) = -143*s + 26. What are the prime factors of t(-2)?
2, 3, 13
Let s be (22/10 - 3)*-10. Suppose 6*h - s*h + 18 = 0. List the prime factors of h.
3
List the prime fac